{"id":191,"date":"2022-07-11T18:38:59","date_gmt":"2022-07-11T16:38:59","guid":{"rendered":"http:\/\/fkoiyms.cluster031.hosting.ovh.net\/?page_id=191"},"modified":"2024-06-25T16:26:50","modified_gmt":"2024-06-25T14:26:50","slug":"interventions-pedagogiques-2","status":"publish","type":"page","link":"http:\/\/fkoiyms.cluster031.hosting.ovh.net\/index.php\/interventions-pedagogiques-2\/","title":{"rendered":"INTERVENTIONS P\u00c9DAGOGIQUES"},"content":{"rendered":"\n<div style=\"height:45px\" aria-hidden=\"true\" class=\"wp-block-spacer\"><\/div>\n\n\n\n<blockquote class=\"wp-block-quote is-layout-flow wp-block-quote-is-layout-flow\">\n<p><strong>&#8220;J&#8217;apprends chaque jour pour enseigner le lendemain.&#8221;<\/strong> Emile Faguet<\/p>\n\n\n\n<p><strong>&#8220;Il faut enseigner aux enfants \u00e0 penser le lendemain.&#8221;<\/strong> Margaret Mead<\/p>\n<\/blockquote>\n\n\n\n<div style=\"height:83px\" aria-hidden=\"true\" class=\"wp-block-spacer\"><\/div>\n\n\n\n<div class=\"wp-block-columns is-layout-flex wp-container-core-columns-is-layout-9d6595d7 wp-block-columns-is-layout-flex\">\n<div class=\"wp-block-column is-layout-flow wp-block-column-is-layout-flow\" style=\"flex-basis:100%\">\n<div class=\"wp-block-group is-content-justification-center is-nowrap is-layout-flex wp-container-core-group-is-layout-94bc23d7 wp-block-group-is-layout-flex\"><div class=\"wp-block-image is-resized\">\n<figure class=\"aligncenter size-full\"><img loading=\"lazy\" decoding=\"async\" width=\"240\" height=\"240\" src=\"http:\/\/fkoiyms.cluster031.hosting.ovh.net\/wp-content\/uploads\/2022\/07\/20140318-1322-jeunesse-et-education-populaire-3.jpg\" alt=\"\" class=\"wp-image-508\" style=\"width:146px;height:auto\" srcset=\"http:\/\/fkoiyms.cluster031.hosting.ovh.net\/wp-content\/uploads\/2022\/07\/20140318-1322-jeunesse-et-education-populaire-3.jpg 240w, http:\/\/fkoiyms.cluster031.hosting.ovh.net\/wp-content\/uploads\/2022\/07\/20140318-1322-jeunesse-et-education-populaire-3-150x150.jpg 150w, http:\/\/fkoiyms.cluster031.hosting.ovh.net\/wp-content\/uploads\/2022\/07\/20140318-1322-jeunesse-et-education-populaire-3-75x75.jpg 75w\" sizes=\"auto, (max-width: 240px) 100vw, 240px\" \/><\/figure>\n<\/div>\n\n\n<div style=\"height:100px;width:68px\" aria-hidden=\"true\" class=\"wp-block-spacer wp-container-content-fe34031a\"><\/div>\n\n\n\n<div class=\"wp-block-columns is-layout-flex wp-container-core-columns-is-layout-9d6595d7 wp-block-columns-is-layout-flex\">\n<div class=\"wp-block-column is-layout-flow wp-block-column-is-layout-flow\" style=\"flex-basis:100%\"><div class=\"wp-block-image\">\n<figure class=\"aligncenter size-full is-resized\"><img loading=\"lazy\" decoding=\"async\" width=\"367\" height=\"223\" src=\"http:\/\/fkoiyms.cluster031.hosting.ovh.net\/wp-content\/uploads\/2024\/06\/ADAGE.jpg\" alt=\"\" class=\"wp-image-973\" style=\"width:235px;height:auto\" srcset=\"http:\/\/fkoiyms.cluster031.hosting.ovh.net\/wp-content\/uploads\/2024\/06\/ADAGE.jpg 367w, http:\/\/fkoiyms.cluster031.hosting.ovh.net\/wp-content\/uploads\/2024\/06\/ADAGE-300x182.jpg 300w\" sizes=\"auto, (max-width: 367px) 100vw, 367px\" \/><\/figure>\n<\/div><\/div>\n<\/div>\n<\/div>\n<\/div>\n<\/div>\n\n\n\n<div style=\"height:26px\" aria-hidden=\"true\" class=\"wp-block-spacer\"><\/div>\n\n\n\n<blockquote class=\"wp-block-quote is-layout-flow wp-block-quote-is-layout-flow\">\n<p class=\"has-text-align-center\">Nous avons re\u00e7u l&#8217;agr\u00e9ment Jeunesse et \u00c9ducation Populaire par la Pr\u00e9fecture de Vend\u00e9e en 2017, renouvel\u00e9 en 2023.<\/p>\n<\/blockquote>\n\n\n\n<div style=\"height:61px\" aria-hidden=\"true\" class=\"wp-block-spacer\"><\/div>\n\n\n\n<p class=\"has-text-align-center\"><strong>Nous intervenons dans tous les \u00e9tablissements et toutes les structures de Vend\u00e9e (85) et dans les d\u00e9partements limitrophes.<\/strong><\/p>\n\n\n\n<div style=\"height:55px\" aria-hidden=\"true\" class=\"wp-block-spacer\"><\/div>\n\n\n\n<p class=\"has-text-align-center\">Notre p\u00e9dagogie unique, notre respect des uns et des autres et notre cr\u00e9ativit\u00e9<br>s\u2019allient jours apr\u00e8s jours au service de quantit\u00e9 de beaux projets.<br>Pourquoi pas le v\u00f4tre ?<br><br><strong>\u00ab Notre sc\u00e8ne vous est ouverte, le spectacle est bien vivant! \u00bb<\/strong><\/p>\n\n\n\n<div style=\"height:37px\" aria-hidden=\"true\" class=\"wp-block-spacer\"><\/div>\n\n\n\n<div class=\"wp-block-media-text alignwide is-stacked-on-mobile is-vertically-aligned-top\" style=\"grid-template-columns:54% auto\"><figure class=\"wp-block-media-text__media\"><img loading=\"lazy\" decoding=\"async\" width=\"1024\" height=\"1024\" src=\"http:\/\/fkoiyms.cluster031.hosting.ovh.net\/wp-content\/uploads\/2024\/06\/Messenger_creation_d5bf0d8a-1616-4fdc-bc15-d4e7e8b94bf4-1024x1024.jpeg\" alt=\"\" class=\"wp-image-968 size-full\" srcset=\"http:\/\/fkoiyms.cluster031.hosting.ovh.net\/wp-content\/uploads\/2024\/06\/Messenger_creation_d5bf0d8a-1616-4fdc-bc15-d4e7e8b94bf4-1024x1024.jpeg 1024w, http:\/\/fkoiyms.cluster031.hosting.ovh.net\/wp-content\/uploads\/2024\/06\/Messenger_creation_d5bf0d8a-1616-4fdc-bc15-d4e7e8b94bf4-300x300.jpeg 300w, http:\/\/fkoiyms.cluster031.hosting.ovh.net\/wp-content\/uploads\/2024\/06\/Messenger_creation_d5bf0d8a-1616-4fdc-bc15-d4e7e8b94bf4-150x150.jpeg 150w, http:\/\/fkoiyms.cluster031.hosting.ovh.net\/wp-content\/uploads\/2024\/06\/Messenger_creation_d5bf0d8a-1616-4fdc-bc15-d4e7e8b94bf4-768x768.jpeg 768w, http:\/\/fkoiyms.cluster031.hosting.ovh.net\/wp-content\/uploads\/2024\/06\/Messenger_creation_d5bf0d8a-1616-4fdc-bc15-d4e7e8b94bf4-75x75.jpeg 75w, http:\/\/fkoiyms.cluster031.hosting.ovh.net\/wp-content\/uploads\/2024\/06\/Messenger_creation_d5bf0d8a-1616-4fdc-bc15-d4e7e8b94bf4.jpeg 1440w\" sizes=\"auto, (max-width: 1024px) 100vw, 1024px\" \/><\/figure><div class=\"wp-block-media-text__content\">\n<p><strong>\u00c9coles, coll\u00e8ges, lyc\u00e9es, MFR, universit\u00e9s, centres de loisirs, cr\u00e8ches, maison de retraite, troupes de th\u00e9\u00e2tre amateur, associations locales, ateliers de loisirs, foyers de vie, IMP, IME, collectivit\u00e9s\u2026<\/strong><br>Nos interventions sur-mesure sauront faire de votre envie de th\u00e9\u00e2tre, un moment de partages inoubliables et une v\u00e9ritable cause commune \u00e0 d\u00e9fendre, ensemble.<br>Nous vous proposons de nombreux projets p\u00e9dagogiques qui s\u2019adapteront parfaitement \u00e0 vos projets, budgets et objectifs p\u00e9dagogiques.<br><\/p>\n<\/div><\/div>\n\n\n\n<div style=\"height:111px\" aria-hidden=\"true\" class=\"wp-block-spacer\"><\/div>\n\n\n\n<div class=\"wp-block-media-text alignwide has-media-on-the-right is-stacked-on-mobile\"><div class=\"wp-block-media-text__content\">\n<p>Nos valeurs de la transmission du th\u00e9\u00e2tre et des expressions sc\u00e9niques sauront enrichir votre saison, ann\u00e9e scolaire, programme p\u00e9dagogique et cursus de formation gr\u00e2ce \u00e0 notre professionnalisme et notre sens de l\u2019\u00e9coute. <\/p>\n\n\n\n<p>Nous restons toujours \u00e0 votre \u00e9coute mais aussi \u00e0 l\u2019\u00e9coute, attentive, de chaque participant.<\/p>\n<\/div><figure class=\"wp-block-media-text__media\"><img loading=\"lazy\" decoding=\"async\" width=\"1024\" height=\"577\" src=\"http:\/\/fkoiyms.cluster031.hosting.ovh.net\/wp-content\/uploads\/2024\/06\/Messenger_creation_9574731d-2a3e-45ec-a6d1-540f2ad44246-1024x577.jpeg\" alt=\"\" class=\"wp-image-970 size-full\" srcset=\"http:\/\/fkoiyms.cluster031.hosting.ovh.net\/wp-content\/uploads\/2024\/06\/Messenger_creation_9574731d-2a3e-45ec-a6d1-540f2ad44246-1024x577.jpeg 1024w, http:\/\/fkoiyms.cluster031.hosting.ovh.net\/wp-content\/uploads\/2024\/06\/Messenger_creation_9574731d-2a3e-45ec-a6d1-540f2ad44246-300x169.jpeg 300w, http:\/\/fkoiyms.cluster031.hosting.ovh.net\/wp-content\/uploads\/2024\/06\/Messenger_creation_9574731d-2a3e-45ec-a6d1-540f2ad44246-768x432.jpeg 768w, http:\/\/fkoiyms.cluster031.hosting.ovh.net\/wp-content\/uploads\/2024\/06\/Messenger_creation_9574731d-2a3e-45ec-a6d1-540f2ad44246-1536x865.jpeg 1536w, http:\/\/fkoiyms.cluster031.hosting.ovh.net\/wp-content\/uploads\/2024\/06\/Messenger_creation_9574731d-2a3e-45ec-a6d1-540f2ad44246.jpeg 2000w\" sizes=\"auto, (max-width: 1024px) 100vw, 1024px\" \/><\/figure><\/div>\n\n\n\n<div style=\"height:122px\" aria-hidden=\"true\" class=\"wp-block-spacer\"><\/div>\n\n\n\n<div class=\"wp-block-columns alignwide are-vertically-aligned-top is-layout-flex wp-container-core-columns-is-layout-9d6595d7 wp-block-columns-is-layout-flex\">\n<div class=\"wp-block-column is-layout-flow wp-block-column-is-layout-flow\" style=\"flex-basis:50%\"><div class=\"wp-block-image\">\n<figure class=\"aligncenter is-resized\"><img loading=\"lazy\" decoding=\"async\" width=\"1024\" height=\"577\" src=\"http:\/\/fkoiyms.cluster031.hosting.ovh.net\/wp-content\/uploads\/2024\/06\/Messenger_creation_d3f26839-6f36-4620-9a81-65933ed2a21f-1024x577.jpeg\" alt=\"\" class=\"wp-image-971\" style=\"width:411px;height:auto\" srcset=\"http:\/\/fkoiyms.cluster031.hosting.ovh.net\/wp-content\/uploads\/2024\/06\/Messenger_creation_d3f26839-6f36-4620-9a81-65933ed2a21f-1024x577.jpeg 1024w, http:\/\/fkoiyms.cluster031.hosting.ovh.net\/wp-content\/uploads\/2024\/06\/Messenger_creation_d3f26839-6f36-4620-9a81-65933ed2a21f-300x169.jpeg 300w, http:\/\/fkoiyms.cluster031.hosting.ovh.net\/wp-content\/uploads\/2024\/06\/Messenger_creation_d3f26839-6f36-4620-9a81-65933ed2a21f-768x432.jpeg 768w, http:\/\/fkoiyms.cluster031.hosting.ovh.net\/wp-content\/uploads\/2024\/06\/Messenger_creation_d3f26839-6f36-4620-9a81-65933ed2a21f-1536x865.jpeg 1536w, http:\/\/fkoiyms.cluster031.hosting.ovh.net\/wp-content\/uploads\/2024\/06\/Messenger_creation_d3f26839-6f36-4620-9a81-65933ed2a21f.jpeg 2000w\" sizes=\"auto, (max-width: 1024px) 100vw, 1024px\" \/><\/figure>\n<\/div>\n\n\n<div style=\"height:60px\" aria-hidden=\"true\" class=\"wp-block-spacer\"><\/div>\n\n\n<div class=\"wp-block-image\">\n<figure class=\"aligncenter size-large is-resized\"><img loading=\"lazy\" decoding=\"async\" width=\"1024\" height=\"577\" src=\"http:\/\/fkoiyms.cluster031.hosting.ovh.net\/wp-content\/uploads\/2024\/06\/Messenger_creation_40c311b3-a02c-402c-b800-94af5648b4f7-1024x577.jpeg\" alt=\"\" class=\"wp-image-972\" style=\"width:405px;height:auto\" srcset=\"http:\/\/fkoiyms.cluster031.hosting.ovh.net\/wp-content\/uploads\/2024\/06\/Messenger_creation_40c311b3-a02c-402c-b800-94af5648b4f7-1024x577.jpeg 1024w, http:\/\/fkoiyms.cluster031.hosting.ovh.net\/wp-content\/uploads\/2024\/06\/Messenger_creation_40c311b3-a02c-402c-b800-94af5648b4f7-300x169.jpeg 300w, http:\/\/fkoiyms.cluster031.hosting.ovh.net\/wp-content\/uploads\/2024\/06\/Messenger_creation_40c311b3-a02c-402c-b800-94af5648b4f7-768x432.jpeg 768w, http:\/\/fkoiyms.cluster031.hosting.ovh.net\/wp-content\/uploads\/2024\/06\/Messenger_creation_40c311b3-a02c-402c-b800-94af5648b4f7-1536x865.jpeg 1536w, http:\/\/fkoiyms.cluster031.hosting.ovh.net\/wp-content\/uploads\/2024\/06\/Messenger_creation_40c311b3-a02c-402c-b800-94af5648b4f7.jpeg 2000w\" sizes=\"auto, (max-width: 1024px) 100vw, 1024px\" \/><\/figure>\n<\/div><\/div>\n\n\n\n<div class=\"wp-block-column is-layout-flow wp-block-column-is-layout-flow\" style=\"flex-basis:50%\">\n<p>La Compagnie la Folie de l\u2019Ange s\u2019est sp\u00e9cialis\u00e9e dans la transmission du th\u00e9\u00e2tre et des expressions sc\u00e9niques, corporelles et gestuelles aupr\u00e8s de tous les publics, sans aucune exception, et d\u00e8s 3 ans.<\/p>\n\n\n\n<p>Les interventions en milieu scolaire et les projets p\u00e9dagogiques divers sont assur\u00e9s par des intervenants p\u00e9dagogiques qualifi\u00e9s et exp\u00e9riment\u00e9s\u2026 De proximit\u00e9 !<br>Nous vous accompagnons \u00e9galement, et si vous le souhaitez, dans toutes les \u00e9tapes de votre projet p\u00e9dagogique-artistique-ludique, d\u00e8s sa conception.<br>Interventions d\u2019une journ\u00e9e, d\u2019une semaine, d\u2019un mois ou d\u2019une ann\u00e9e scolaire, nous sommes \u00e0 l\u2019\u00e9coute de toutes vos propositions.<\/p>\n\n\n\n<p><\/p>\n<\/div>\n<\/div>\n\n\n\n<div style=\"height:66px\" aria-hidden=\"true\" class=\"wp-block-spacer\"><\/div>\n\n\n\n<p class=\"has-text-align-center\">Et pour tous les publics d\u00e8s 3 ans.<br>Vos petites sections aussi ont droit \u00e0 des projets originaux !<br>Nous cr\u00e9ons des spectacles originaux et uniques \u00e0 chaque fois, en fonction de vos attentes et de chaque groupe concern\u00e9. Aucun spectacle n\u2019est \u00e9crit au pr\u00e9alable\u2026<\/p>\n\n\n\n<div style=\"height:59px\" aria-hidden=\"true\" class=\"wp-block-spacer\"><\/div>\n\n\n\n<p>Nous proposons \u00e9galement des &#8220;Pack&#8221; Intervention-spectacle <\/p>\n\n\n\n<div class=\"wp-block-buttons is-layout-flex wp-block-buttons-is-layout-flex\">\n<div class=\"wp-block-button aligncenter\"><a class=\"wp-block-button__link wp-element-button\" href=\"http:\/\/fkoiyms.cluster031.hosting.ovh.net\/index.php\/packs-interventions-et-spectacles\/\">En savoir + sur les Packs intervention-spectacle par niveau scolaire<\/a><\/div>\n<\/div>\n\n\n\n<div style=\"height:42px\" aria-hidden=\"true\" class=\"wp-block-spacer\"><\/div>\n","protected":false},"excerpt":{"rendered":"<p>&#8220;J&#8217;apprends chaque jour pour enseigner le lendemain.&#8221; Emile Faguet &#8220;Il faut enseigner aux enfants \u00e0 penser le lendemain.&#8221; Margaret Mead Nous avons re\u00e7u l&#8217;agr\u00e9ment Jeunesse&hellip; <\/p>\n","protected":false},"author":1,"featured_media":0,"parent":0,"menu_order":0,"comment_status":"closed","ping_status":"closed","template":"","meta":{"footnotes":""},"class_list":["post-191","page","type-page","status-publish","hentry"],"_links":{"self":[{"href":"http:\/\/fkoiyms.cluster031.hosting.ovh.net\/index.php\/wp-json\/wp\/v2\/pages\/191","targetHints":{"allow":["GET"]}}],"collection":[{"href":"http:\/\/fkoiyms.cluster031.hosting.ovh.net\/index.php\/wp-json\/wp\/v2\/pages"}],"about":[{"href":"http:\/\/fkoiyms.cluster031.hosting.ovh.net\/index.php\/wp-json\/wp\/v2\/types\/page"}],"author":[{"embeddable":true,"href":"http:\/\/fkoiyms.cluster031.hosting.ovh.net\/index.php\/wp-json\/wp\/v2\/users\/1"}],"replies":[{"embeddable":true,"href":"http:\/\/fkoiyms.cluster031.hosting.ovh.net\/index.php\/wp-json\/wp\/v2\/comments?post=191"}],"version-history":[{"count":8,"href":"http:\/\/fkoiyms.cluster031.hosting.ovh.net\/index.php\/wp-json\/wp\/v2\/pages\/191\/revisions"}],"predecessor-version":[{"id":1033,"href":"http:\/\/fkoiyms.cluster031.hosting.ovh.net\/index.php\/wp-json\/wp\/v2\/pages\/191\/revisions\/1033"}],"wp:attachment":[{"href":"http:\/\/fkoiyms.cluster031.hosting.ovh.net\/index.php\/wp-json\/wp\/v2\/media?parent=191"}],"curies":[{"name":"wp","href":"https:\/\/api.w.org\/{rel}","templated":true}]}}